{"id":54,"date":"2013-08-20T18:17:42","date_gmt":"2013-08-20T18:17:42","guid":{"rendered":"http:\/\/www.zoodata.com.php53-21.ord1-1.websitetestlink.com\/zoodata\/?page_id=54"},"modified":"2014-09-15T22:41:39","modified_gmt":"2014-09-15T22:41:39","slug":"autocrotales","status":"publish","type":"page","link":"https:\/\/www.zoodata.com\/zoodata\/autocrotales\/","title":{"rendered":"Autocrotales"},"content":{"rendered":"<p>La gran variedad de formas y tama\u00f1os ha echo posible entregar a los dispositivos electr\u00f3nicos una gran versatilidad para la aplicaci\u00f3n en las diferentes especies de animales. Los Autocrotales poseen una antena integrada de 28 mm sellada dentro del dispositivo pl\u00e1stico.<\/p>\n<p>Nuestros productos cuentan con la misma tecnolog\u00eda aprobada por el Servicio Agr\u00edcola y Ganadero SAG para su uso junto con el DIIO.<\/p>\n<p>Al ser un identificador pasivo (sin Bater\u00edas), posee una vida media indefinida. Con un di\u00e1metro de 29 mm y un cabezal macho penetrante, hacen del autocrotal un dispositivo con un 99.5% de retenci\u00f3n en el pabell\u00f3n auricular del animal.<\/p>\n<p>Utiliza el sistema de transmisi\u00f3n Full Duplex-B o HalfDuplex (HDX) acorde con las normas ISO 11784-11785, que disminuye la velocidad de lectura (70-80 msec) con la ventaja de aumentar la distancia de lectura.<\/p>\n<p>&nbsp;<\/p>\n<p>&nbsp;<\/p>\n","protected":false},"excerpt":{"rendered":"<p>La gran variedad de formas y tama\u00f1os ha echo posible entregar a los dispositivos electr\u00f3nicos una gran versatilidad para la aplicaci\u00f3n en las diferentes especies de animales. Los Autocrotales poseen una antena integrada de 28 mm sellada dentro del dispositivo pl\u00e1stico. Nuestros productos cuentan con la misma tecnolog\u00eda aprobada por el Servicio Agr\u00edcola y Ganadero [&hellip;]<\/p>\n","protected":false},"author":1,"featured_media":55,"parent":0,"menu_order":0,"comment_status":"open","ping_status":"open","template":"producto-rojo-template.php","meta":[],"_links":{"self":[{"href":"https:\/\/www.zoodata.com\/zoodata\/wp-json\/wp\/v2\/pages\/54"}],"collection":[{"href":"https:\/\/www.zoodata.com\/zoodata\/wp-json\/wp\/v2\/pages"}],"about":[{"href":"https:\/\/www.zoodata.com\/zoodata\/wp-json\/wp\/v2\/types\/page"}],"author":[{"embeddable":true,"href":"https:\/\/www.zoodata.com\/zoodata\/wp-json\/wp\/v2\/users\/1"}],"replies":[{"embeddable":true,"href":"https:\/\/www.zoodata.com\/zoodata\/wp-json\/wp\/v2\/comments?post=54"}],"version-history":[{"count":10,"href":"https:\/\/www.zoodata.com\/zoodata\/wp-json\/wp\/v2\/pages\/54\/revisions"}],"predecessor-version":[{"id":7183,"href":"https:\/\/www.zoodata.com\/zoodata\/wp-json\/wp\/v2\/pages\/54\/revisions\/7183"}],"wp:featuredmedia":[{"embeddable":true,"href":"https:\/\/www.zoodata.com\/zoodata\/wp-json\/wp\/v2\/media\/55"}],"wp:attachment":[{"href":"https:\/\/www.zoodata.com\/zoodata\/wp-json\/wp\/v2\/media?parent=54"}],"curies":[{"name":"wp","href":"https:\/\/api.w.org\/{rel}","templated":true}]}}