{"id":29,"date":"2013-08-14T19:11:05","date_gmt":"2013-08-14T19:11:05","guid":{"rendered":"http:\/\/www.zoodata.com.php53-21.ord1-1.websitetestlink.com\/zoodata\/?page_id=29"},"modified":"2015-03-03T15:15:30","modified_gmt":"2015-03-03T15:15:30","slug":"que-es-microchip","status":"publish","type":"page","link":"https:\/\/www.zoodata.com\/zoodata\/que-es-microchip\/","title":{"rendered":"\u00bfQue es el Microchip?"},"content":{"rendered":"<p>&nbsp;<\/p>\n<h2>MICROCHIP<\/h2>\n<p>&nbsp;<\/p>\n<p><strong>\u00bfQUE ES EL MICROCHIP?<\/strong><\/p>\n<p>Se trata de un peque\u00f1o circuito electr\u00f3nico integrado en una c\u00e1psula de vidrio biocompatible, que se coloca bajo la piel del animal.<\/p>\n<p>El chip tiene el grosor de un grano de arroz y su longitud no supera el cent\u00edmetro y medio. No utiliza pilas ni partes m\u00f3viles, por lo que su duraci\u00f3n es ilimitada. Sirve para toda la vida del animal.<\/p>\n<p>El microchip lleva grabado un c\u00f3digo \u00fanico, inalterable e irrepetible que identifica permanentemente a la mascota.<\/p>\n<h3><\/h3>\n<p>&nbsp;<\/p>\n<h3>\u00bfPARA QUE SIRVE?<\/h3>\n<p>Es un peque\u00f1o dispositivo electr\u00f3nico de identificaci\u00f3n de animales que consiste en una c\u00e1psula biocompatible que puede ser implantado bajo la piel del animal que permite asignar un n\u00famero \u00fanico de identificaci\u00f3n, al cual se ingresan todos los datos necesarios para la identificaci\u00f3n de la mascota y de su propietario.<\/p>\n<p>De este modo si un perro se extrav\u00eda o es robado, las autoridades podr\u00e1n saber qui\u00e9n es la persona responsable del animal y ponerse en contacto con ellos.<\/p>\n<p>Hoy muchos municipios se encuentran implementando el registro electr\u00f3nico de mascotas utilizando nuestro Registro Nacional de Mascotas Busca-Pet, lo que permite a ellos llevar un registro de las mascotas y propietarios de la comuna.<\/p>\n<p>&nbsp;<\/p>\n<p><strong>\u00bfC\u00d3MO SE IMPLANTA?<\/strong><\/p>\n<p>El dispositivo se introduce bajo la piel mediante una simple inyecci\u00f3n con una aguja especial. El \u00e9mbolo dispone de una cu\u00f1a para empujar la c\u00e1psula. Siempre se inyecta en la misma zona del cuerpo, en la parte izquierda del cuello, para facilitar su localizaci\u00f3n en el momento de la lectura.<\/p>\n<p>El implante se lleva acabo sin necesidad de anestesia y sin causar ninguna molestia al animal.<\/p>\n<p>Cada microchip tiene un c\u00f3digo \u00fanico que, una vez inyectado, quedar\u00e1 asignado al perro.<\/p>\n<p>Tras implantarlo el veterinario rellana una ficha en la que se incluyen los datos del propietario, y del animal junto con el c\u00f3digo asignado.<\/p>\n<p>A su vez, estos datos son remitidos a los servicios municipales de cada localidad que son los que se encargan de elaborar el censo canino.<\/p>\n<p>&nbsp;<\/p>\n<p><strong>\u00bfC\u00d3MO SE LEE?<\/strong><\/p>\n<p>Mediante un lector de radiofrecuencia. Al acercarlo al animal, el lector emite una se\u00f1al que proporciona la energ\u00eda necesaria al microchip para que \u00e9ste devuelva el c\u00f3digo que lleva grabado.<\/p>\n<p>El lector recibe la se\u00f1al y muestra el n\u00famero de c\u00f3digo en la pantalla. Al introducirlo en el ordenador aparecer\u00e1n los datos del propietario.<\/p>\n<p>Si el animal cambia de due\u00f1o, o si var\u00eda alg\u00fan dato relevante la informaci\u00f3n se modifica en los archivos, sin necesidad de extraer el microchip.<\/p>\n","protected":false},"excerpt":{"rendered":"<p>&nbsp; MICROCHIP &nbsp; \u00bfQUE ES EL MICROCHIP? Se trata de un peque\u00f1o circuito electr\u00f3nico integrado en una c\u00e1psula de vidrio biocompatible, que se coloca bajo la piel del animal. El chip tiene el grosor de un grano de arroz y su longitud no supera el cent\u00edmetro y medio. No utiliza pilas ni partes m\u00f3viles, por [&hellip;]<\/p>\n","protected":false},"author":1,"featured_media":0,"parent":0,"menu_order":0,"comment_status":"open","ping_status":"open","template":"queesmicrochip-template.php","meta":[],"_links":{"self":[{"href":"https:\/\/www.zoodata.com\/zoodata\/wp-json\/wp\/v2\/pages\/29"}],"collection":[{"href":"https:\/\/www.zoodata.com\/zoodata\/wp-json\/wp\/v2\/pages"}],"about":[{"href":"https:\/\/www.zoodata.com\/zoodata\/wp-json\/wp\/v2\/types\/page"}],"author":[{"embeddable":true,"href":"https:\/\/www.zoodata.com\/zoodata\/wp-json\/wp\/v2\/users\/1"}],"replies":[{"embeddable":true,"href":"https:\/\/www.zoodata.com\/zoodata\/wp-json\/wp\/v2\/comments?post=29"}],"version-history":[{"count":16,"href":"https:\/\/www.zoodata.com\/zoodata\/wp-json\/wp\/v2\/pages\/29\/revisions"}],"predecessor-version":[{"id":1367,"href":"https:\/\/www.zoodata.com\/zoodata\/wp-json\/wp\/v2\/pages\/29\/revisions\/1367"}],"wp:attachment":[{"href":"https:\/\/www.zoodata.com\/zoodata\/wp-json\/wp\/v2\/media?parent=29"}],"curies":[{"name":"wp","href":"https:\/\/api.w.org\/{rel}","templated":true}]}}